{"id":467,"date":"2023-10-18T11:10:51","date_gmt":"2023-10-18T14:10:51","guid":{"rendered":"https:\/\/mujeresconhistorias.uy\/?page_id=467"},"modified":"2023-11-03T17:14:20","modified_gmt":"2023-11-03T20:14:20","slug":"directiva","status":"publish","type":"page","link":"https:\/\/mujeresconhistorias.uy\/?page_id=467","title":{"rendered":"Historia MCH"},"content":{"rendered":"<p>[et_pb_section fb_built=\u00bb1&#8243; fullwidth=\u00bbon\u00bb admin_label=\u00bbPage Header\u00bb _builder_version=\u00bb4.22.2&#8243; background_image=\u00bbhttps:\/\/mujeresconhistorias.uy\/wp-content\/uploads\/2023\/10\/Primer-firma-del-comodato-2.jpg\u00bb parallax=\u00bbon\u00bb max_width=\u00bb100%\u00bb max_width_tablet=\u00bb100%\u00bb max_width_phone=\u00bb100%\u00bb max_width_last_edited=\u00bbon|phone\u00bb min_height=\u00bb335px\u00bb height=\u00bb442px\u00bb max_height=\u00bb671px\u00bb max_height_tablet=\u00bb629px\u00bb max_height_phone=\u00bb634px\u00bb max_height_last_edited=\u00bbon|phone\u00bb global_colors_info=\u00bb{}\u00bb][\/et_pb_section][et_pb_section fb_built=\u00bb1&#8243; admin_label=\u00bbOur Team\u00bb _builder_version=\u00bb4.16&#8243; min_height=\u00bb942.7px\u00bb custom_padding=\u00bb90px||90px|\u00bb global_colors_info=\u00bb{}\u00bb][et_pb_row column_structure=\u00bb1_3,1_3,1_3&#8243; _builder_version=\u00bb4.16&#8243; background_size=\u00bbinitial\u00bb background_position=\u00bbtop_left\u00bb background_repeat=\u00bbrepeat\u00bb custom_width_px=\u00bb710px\u00bb locked=\u00bboff\u00bb global_colors_info=\u00bb{}\u00bb][et_pb_column type=\u00bb1_3&#8243; _builder_version=\u00bb4.16&#8243; background_position=\u00bbtop_left\u00bb custom_padding=\u00bb|||\u00bb global_colors_info=\u00bb{}\u00bb custom_padding__hover=\u00bb|||\u00bb][et_pb_divider divider_weight=\u00bb3px\u00bb disabled_on=\u00bboff|off|off\u00bb _builder_version=\u00bb4.22.2&#8243; background_color_gradient_direction=\u00bb90deg\u00bb max_width=\u00bb100px\u00bb module_alignment=\u00bbcenter\u00bb height=\u00bb5px\u00bb custom_margin=\u00bb||20px|\u00bb custom_padding=\u00bb||20px|\u00bb animation_style=\u00bbslide\u00bb animation_direction=\u00bbbottom\u00bb saved_tabs=\u00bball\u00bb locked=\u00bboff\u00bb global_colors_info=\u00bb{}\u00bb][\/et_pb_divider][et_pb_text admin_label=\u00bbTeam Section Title\u00bb _builder_version=\u00bb4.22.2&#8243; text_text_color=\u00bb#664883&#8243; text_font_size=\u00bb16px\u00bb header_font=\u00bbMontserrat||||\u00bb header_text_color=\u00bb#1f1f1f\u00bb header_font_size=\u00bb36px\u00bb text_orientation=\u00bbcenter\u00bb max_width=\u00bb710px\u00bb module_alignment=\u00bbcenter\u00bb animation_style=\u00bbfold\u00bb animation_direction=\u00bbbottom\u00bb animation_intensity_fold=\u00bb20%\u00bb global_colors_info=\u00bb{}\u00bb]<\/p>\n<h1><span style=\"color: #664883;\">HISTORIA<\/span><\/h1>\n<p>&nbsp;<\/p>\n<p>[\/et_pb_text][\/et_pb_column][et_pb_column type=\u00bb1_3&#8243; _builder_version=\u00bb4.16&#8243; background_position=\u00bbtop_left\u00bb custom_padding=\u00bb|||\u00bb global_colors_info=\u00bb{}\u00bb custom_padding__hover=\u00bb|||\u00bb][et_pb_text _builder_version=\u00bb4.22.2&#8243; _module_preset=\u00bbdefault\u00bb text_font_size=\u00bb18px\u00bb global_colors_info=\u00bb{}\u00bb]<\/p>\n<h2><span style=\"color: #6b5b8b;\">\u00bfC\u00f3mo llegamos?\u00a0<\/span><\/h2>\n<p><strong>\u00bfQu\u00e9 nos pas\u00f3 desde la idea inicial a lo fundacional?:\u00a0<\/strong><\/p>\n<p><strong>Somos mujeres contempor\u00e1neas que nos hemos conocido en el tr\u00e1nsito de nuestros diferentes senderos. Siempre encontrando un momento para compartir un t\u00e9, un caf\u00e9 y charlar, charlar.<\/strong><\/p>\n<p><strong>\u201cDiversas pero no dispersas\u201d dijimos alg\u00fan d\u00eda, concordando o discordando siempre cerca, una guirnalda lila nos\u00a0 ha unido, es el color de la transformaci\u00f3n, es el color del crecimiento.<\/strong><\/p>\n<p><strong>Hemos sentido la sororidad en nuestras pieles, como activistas creemos en\u00a0 la importancia de continuar luchando por la reivindicaci\u00f3n de nuestros derechos, \u00bfc\u00f3mo seguir transitando unidas cuando los a\u00f1os pasan?.\u00a0<\/strong><\/p>\n<p>[\/et_pb_text][\/et_pb_column][et_pb_column type=\u00bb1_3&#8243; _builder_version=\u00bb4.16&#8243; background_position=\u00bbtop_left\u00bb custom_padding=\u00bb|||\u00bb global_colors_info=\u00bb{}\u00bb custom_padding__hover=\u00bb|||\u00bb][et_pb_text _builder_version=\u00bb4.22.2&#8243; _module_preset=\u00bbdefault\u00bb text_font_size=\u00bb18px\u00bb global_colors_info=\u00bb{}\u00bb]<\/p>\n<h3><span style=\"color: #6b5b8b;\"><b><i>Envejecer juntas nos dijimos,<\/i><\/b><\/span><\/h3>\n<h3><span style=\"color: #6b5b8b;\"><b><i>es nuestro prop\u00f3sito.<\/i><\/b><\/span><\/h3>\n<p><span style=\"color: #6b5b8b;\"><b><i><\/i><\/b><\/span><\/p>\n<p><strong>En di\u00e1logos y reuniones lo pensamos y lo fuimos compartiendo, nuestro futuro ten\u00eda que ser en compa\u00f1\u00eda.\u00a0<\/strong><\/p>\n<p><strong>Estamos en plenipausia, vivir en plenitud es nuestro futuro.\u00a0<\/strong><\/p>\n<p><strong>Con firmeza y con audacia iniciamos el camino. Co housing una opci\u00f3n a\u00a0 compartir, El Proyecto est\u00e1 en marcha, la convivencia ser\u00e1 nuestro desaf\u00edo.<\/strong><\/p>\n<p>[\/et_pb_text][et_pb_image src=\u00bbhttps:\/\/mujeresconhistorias.uy\/wp-content\/uploads\/2023\/10\/SAU_cuadrada-1.jpg\u00bb title_text=\u00bbSAU_cuadrada\u00bb _builder_version=\u00bb4.22.2&#8243; _module_preset=\u00bbdefault\u00bb global_colors_info=\u00bb{}\u00bb][\/et_pb_image][\/et_pb_column][\/et_pb_row][\/et_pb_section]<\/p>\n","protected":false},"excerpt":{"rendered":"<p>HISTORIA &nbsp;\u00bfC\u00f3mo llegamos?\u00a0 \u00bfQu\u00e9 nos pas\u00f3 desde la idea inicial a lo fundacional?:\u00a0 Somos mujeres contempor\u00e1neas que nos hemos conocido en el tr\u00e1nsito de nuestros diferentes senderos. Siempre encontrando un momento para compartir un t\u00e9, un caf\u00e9 y charlar, charlar. \u201cDiversas pero no dispersas\u201d dijimos alg\u00fan d\u00eda, concordando o discordando siempre cerca, una guirnalda lila [&hellip;]<\/p>\n","protected":false},"author":1,"featured_media":0,"parent":0,"menu_order":0,"comment_status":"closed","ping_status":"closed","template":"","meta":{"_et_pb_use_builder":"on","_et_pb_old_content":"<!-- wp:divi\/placeholder \/-->","_et_gb_content_width":"","_themeisle_gutenberg_block_has_review":false,"footnotes":""},"class_list":["post-467","page","type-page","status-publish","hentry"],"_links":{"self":[{"href":"https:\/\/mujeresconhistorias.uy\/index.php?rest_route=\/wp\/v2\/pages\/467","targetHints":{"allow":["GET"]}}],"collection":[{"href":"https:\/\/mujeresconhistorias.uy\/index.php?rest_route=\/wp\/v2\/pages"}],"about":[{"href":"https:\/\/mujeresconhistorias.uy\/index.php?rest_route=\/wp\/v2\/types\/page"}],"author":[{"embeddable":true,"href":"https:\/\/mujeresconhistorias.uy\/index.php?rest_route=\/wp\/v2\/users\/1"}],"replies":[{"embeddable":true,"href":"https:\/\/mujeresconhistorias.uy\/index.php?rest_route=%2Fwp%2Fv2%2Fcomments&post=467"}],"version-history":[{"count":17,"href":"https:\/\/mujeresconhistorias.uy\/index.php?rest_route=\/wp\/v2\/pages\/467\/revisions"}],"predecessor-version":[{"id":914,"href":"https:\/\/mujeresconhistorias.uy\/index.php?rest_route=\/wp\/v2\/pages\/467\/revisions\/914"}],"wp:attachment":[{"href":"https:\/\/mujeresconhistorias.uy\/index.php?rest_route=%2Fwp%2Fv2%2Fmedia&parent=467"}],"curies":[{"name":"wp","href":"https:\/\/api.w.org\/{rel}","templated":true}]}}